{"id":308,"date":"2021-03-15T10:32:38","date_gmt":"2021-03-15T09:32:38","guid":{"rendered":"http:\/\/lavilledemontable.fr\/?page_id=308"},"modified":"2021-10-22T18:33:45","modified_gmt":"2021-10-22T16:33:45","slug":"news","status":"publish","type":"page","link":"https:\/\/lavilledemontable.fr\/index.php\/medias\/news\/","title":{"rendered":"News"},"content":{"rendered":"\n<h2 class=\"has-luminous-vivid-orange-color has-text-color wp-block-heading\"><strong>Revue de presse architecture d\u00e9montable &amp; r\u00e9versible<\/strong><\/h2>\n\n\n\n<div class=\"wp-block-media-text alignwide is-stacked-on-mobile\"><figure class=\"wp-block-media-text__media\"><a href=\"https:\/\/demainlaville.com\/vers-des-villes-plus-demontables\/\"><img loading=\"lazy\" decoding=\"async\" width=\"895\" height=\"398\" src=\"https:\/\/lavilledemontable.fr\/wp-content\/uploads\/demain-la-ville.png\" alt=\"\" class=\"wp-image-1070 size-full\" srcset=\"https:\/\/lavilledemontable.fr\/wp-content\/uploads\/demain-la-ville.png 895w, https:\/\/lavilledemontable.fr\/wp-content\/uploads\/demain-la-ville-300x133.png 300w, https:\/\/lavilledemontable.fr\/wp-content\/uploads\/demain-la-ville-768x342.png 768w\" sizes=\"(max-width: 895px) 100vw, 895px\" \/><\/a><\/figure><div class=\"wp-block-media-text__content\">\n<p style=\"font-size:29px\"><strong><span style=\"color:#3f0872\" class=\"has-inline-color\">Demain la Ville &#8211; le blog<\/span><\/strong><\/p>\n\n\n\n<p class=\"has-black-color has-text-color\" style=\"font-size:17px\"><strong><a href=\"https:\/\/demainlaville.com\/vers-des-villes-plus-demontables\/\">Et si l\u2019architecture d\u00e9montable et transportable \u00e9tait une r\u00e9ponse cr\u00e9dible ? Faut-il laisser une plus large place \u00e0 la d\u00e9montabilit\u00e9 dans nos villes ?<\/a><\/strong><\/p>\n<\/div><\/div>\n\n\n\n<p><\/p>\n\n\n\n<div class=\"wp-block-media-text alignwide is-stacked-on-mobile\" style=\"grid-template-columns:47% auto\"><figure class=\"wp-block-media-text__media\"><img loading=\"lazy\" decoding=\"async\" width=\"1024\" height=\"587\" src=\"https:\/\/lavilledemontable.fr\/wp-content\/uploads\/Grand-palais-ephemere-1-1024x587.png\" alt=\"\" class=\"wp-image-1071 size-full\" srcset=\"https:\/\/lavilledemontable.fr\/wp-content\/uploads\/Grand-palais-ephemere-1-1024x587.png 1024w, https:\/\/lavilledemontable.fr\/wp-content\/uploads\/Grand-palais-ephemere-1-300x172.png 300w, https:\/\/lavilledemontable.fr\/wp-content\/uploads\/Grand-palais-ephemere-1-768x440.png 768w, https:\/\/lavilledemontable.fr\/wp-content\/uploads\/Grand-palais-ephemere-1.png 1183w\" sizes=\"(max-width: 1024px) 100vw, 1024px\" \/><\/figure><div class=\"wp-block-media-text__content\">\n<p style=\"font-size:23px\"><strong><span style=\"color:#fc0404\" class=\"has-inline-color\">BATIRAMA<\/span><\/strong><\/p>\n\n\n\n<p class=\"has-black-color has-text-color\" style=\"font-size:18px\"><strong><a href=\"https:\/\/www.batirama.com\/article\/35760-grand-palais-ephemere-un-batiment-demontable-en-bois-pour-accueillir-les-evenements.html\" data-type=\"URL\" data-id=\"https:\/\/www.batirama.com\/article\/35760-grand-palais-ephemere-un-batiment-demontable-en-bois-pour-accueillir-les-evenements.html\">Grand Palais \u00c9ph\u00e9m\u00e8re : un b\u00e2timent d\u00e9montable en bois pour accueillir les \u00e9v\u00e8nements<\/a><\/strong><\/p>\n\n\n\n<p class=\"has-text-color has-small-font-size\" style=\"color:#676869\"><em>Illustration  \u00a9Wilmotte &amp; Associ\u00e9s Architectes<\/em><\/p>\n<\/div><\/div>\n\n\n\n<p><\/p>\n\n\n\n<div class=\"wp-block-media-text alignwide is-stacked-on-mobile\" style=\"grid-template-columns:47% auto\"><figure class=\"wp-block-media-text__media\"><img loading=\"lazy\" decoding=\"async\" width=\"631\" height=\"528\" src=\"https:\/\/lavilledemontable.fr\/wp-content\/uploads\/proto-habitat.png\" alt=\"\" class=\"wp-image-1114 size-full\" srcset=\"https:\/\/lavilledemontable.fr\/wp-content\/uploads\/proto-habitat.png 631w, https:\/\/lavilledemontable.fr\/wp-content\/uploads\/proto-habitat-300x251.png 300w\" sizes=\"(max-width: 631px) 100vw, 631px\" \/><\/figure><div class=\"wp-block-media-text__content\">\n<p style=\"font-size:25px\"><span style=\"color:#530f7d\" class=\"has-inline-color\"><strong>France Culture<\/strong> <\/span><\/p>\n\n\n\n<p style=\"font-size:17px\"><br><a href=\"https:\/\/www.franceculture.fr\/architecture\/ils-inventent-le-logement-du-futur-le-proto-habitat-de-flavien-menu-et-frederique-barchelard\"><strong><span class=\"has-inline-color has-black-color\">Ils inventent le logement du futur : le \u00ab\u00a0Proto-Habitat\u00a0\u00bb de Flavien Menu et Fr\u00e9d\u00e9rique Barchelard<\/span><\/strong><\/a><\/p>\n<\/div><\/div>\n\n\n\n<div class=\"wp-block-media-text alignwide is-stacked-on-mobile\" style=\"grid-template-columns:47% auto\"><figure class=\"wp-block-media-text__media\"><img loading=\"lazy\" decoding=\"async\" width=\"1024\" height=\"682\" src=\"https:\/\/lavilledemontable.fr\/wp-content\/uploads\/Braunstein-tapehouse-2-1024x682.jpg\" alt=\"\" class=\"wp-image-1072 size-full\" srcset=\"https:\/\/lavilledemontable.fr\/wp-content\/uploads\/Braunstein-tapehouse-2-1024x682.jpg 1024w, https:\/\/lavilledemontable.fr\/wp-content\/uploads\/Braunstein-tapehouse-2-300x200.jpg 300w, https:\/\/lavilledemontable.fr\/wp-content\/uploads\/Braunstein-tapehouse-2-768x512.jpg 768w, https:\/\/lavilledemontable.fr\/wp-content\/uploads\/Braunstein-tapehouse-2.jpg 1400w\" sizes=\"(max-width: 1024px) 100vw, 1024px\" \/><\/figure><div class=\"wp-block-media-text__content\">\n<p style=\"font-size:32px\"><strong>domus<\/strong><\/p>\n\n\n\n<p class=\"has-black-color has-text-color\" style=\"font-size:18px\"><strong><a href=\"https:\/\/www.domusweb.it\/en\/architecture\/gallery\/2020\/12\/08\/in-denmark-the-braunstein-taphouse-by-adept-is-a-building-designed-for-disassembly.html\" data-type=\"URL\" data-id=\"https:\/\/www.domusweb.it\/en\/architecture\/gallery\/2020\/12\/08\/in-denmark-the-braunstein-taphouse-by-adept-is-a-building-designed-for-disassembly.html\">In Denmark, Adept completes a building designed for disassembly<\/a><\/strong><\/p>\n\n\n\n<p class=\"has-small-font-size\"><em>photo : Rasmus Hjortsh\u00f8j \/ www.coastarc.com<\/em><\/p>\n<\/div><\/div>\n\n\n\n<p><\/p>\n\n\n\n<div class=\"wp-block-media-text alignwide is-stacked-on-mobile\" style=\"grid-template-columns:47% auto\"><figure class=\"wp-block-media-text__media\"><img loading=\"lazy\" decoding=\"async\" width=\"1024\" height=\"727\" src=\"https:\/\/lavilledemontable.fr\/wp-content\/uploads\/02-Creche-Djuric-Tardio@Clement-Guillaume-1.jpg\" alt=\"\" class=\"wp-image-1074 size-full\" srcset=\"https:\/\/lavilledemontable.fr\/wp-content\/uploads\/02-Creche-Djuric-Tardio@Clement-Guillaume-1.jpg 1024w, https:\/\/lavilledemontable.fr\/wp-content\/uploads\/02-Creche-Djuric-Tardio@Clement-Guillaume-1-300x213.jpg 300w, https:\/\/lavilledemontable.fr\/wp-content\/uploads\/02-Creche-Djuric-Tardio@Clement-Guillaume-1-768x545.jpg 768w\" sizes=\"(max-width: 1024px) 100vw, 1024px\" \/><\/figure><div class=\"wp-block-media-text__content\">\n<p class=\"has-vivid-red-color has-text-color\" style=\"font-size:25px\"><strong>Chronique d&rsquo;Architecture<\/strong><\/p>\n\n\n\n<p class=\"has-black-color has-text-color\" style=\"font-size:18px\"><a href=\"https:\/\/chroniques-architecture.com\/djuric-tardio-creche-itinerante-jardin-du-luxembourg\/\" data-type=\"URL\" data-id=\"https:\/\/chroniques-architecture.com\/djuric-tardio-creche-itinerante-jardin-du-luxembourg\/\"><strong>Le jardin du Luxembourg, \u00e9tape de la cr\u00e8che itin\u00e9rante de Djuric Tardio<\/strong><\/a><\/p>\n\n\n\n<p class=\"has-small-font-size\"><em>photo : Cl\u00e9ment Guillaume<\/em><\/p>\n<\/div><\/div>\n\n\n\n<p><\/p>\n\n\n\n<div class=\"wp-block-media-text alignwide is-stacked-on-mobile\" style=\"grid-template-columns:47% auto\"><figure class=\"wp-block-media-text__media\"><img loading=\"lazy\" decoding=\"async\" width=\"800\" height=\"533\" src=\"https:\/\/lavilledemontable.fr\/wp-content\/uploads\/2-creche-trousseau-1.jpg\" alt=\"\" class=\"wp-image-1075 size-full\" srcset=\"https:\/\/lavilledemontable.fr\/wp-content\/uploads\/2-creche-trousseau-1.jpg 800w, https:\/\/lavilledemontable.fr\/wp-content\/uploads\/2-creche-trousseau-1-300x200.jpg 300w, https:\/\/lavilledemontable.fr\/wp-content\/uploads\/2-creche-trousseau-1-768x512.jpg 768w\" sizes=\"(max-width: 800px) 100vw, 800px\" \/><\/figure><div class=\"wp-block-media-text__content\">\n<p style=\"font-size:27px\"><strong>Paris.fr<\/strong><\/p>\n\n\n\n<p class=\"has-black-color has-text-color\" style=\"font-size:18px\"><strong><a href=\"https:\/\/www.paris.fr\/pages\/une-creche-innovante-installee-dans-les-jardins-de-l-hopital-trousseau-6499\" data-type=\"URL\" data-id=\"https:\/\/www.paris.fr\/pages\/une-creche-innovante-installee-dans-les-jardins-de-l-hopital-trousseau-6499\">La cr\u00e8che modulable et d\u00e9montable de&nbsp;l\u2019h\u00f4pital Trousseau<\/a><\/strong><\/p>\n\n\n\n<p class=\"has-small-font-size\"><em>photo: Jean-Baptiste Gurliat \/ Ville de Paris<\/em><\/p>\n<\/div><\/div>\n\n\n\n<p><\/p>\n\n\n\n<div class=\"wp-block-media-text alignwide is-stacked-on-mobile\" style=\"grid-template-columns:47% auto\"><figure class=\"wp-block-media-text__media\"><img loading=\"lazy\" decoding=\"async\" width=\"960\" height=\"504\" src=\"https:\/\/lavilledemontable.fr\/wp-content\/uploads\/Black-Swan-@-AAD-Icade-1.jpg\" alt=\"\" class=\"wp-image-1076 size-full\" srcset=\"https:\/\/lavilledemontable.fr\/wp-content\/uploads\/Black-Swan-@-AAD-Icade-1.jpg 960w, https:\/\/lavilledemontable.fr\/wp-content\/uploads\/Black-Swan-@-AAD-Icade-1-300x158.jpg 300w, https:\/\/lavilledemontable.fr\/wp-content\/uploads\/Black-Swan-@-AAD-Icade-1-768x403.jpg 768w\" sizes=\"(max-width: 960px) 100vw, 960px\" \/><\/figure><div class=\"wp-block-media-text__content\">\n<p class=\"has-vivid-red-color has-text-color\" style=\"font-size:25px\"><strong>Chronique d&rsquo;Architecture<\/strong><\/p>\n\n\n\n<p class=\"has-black-color has-text-color\" style=\"font-size:18px\"><strong><a href=\"https:\/\/chroniques-architecture.com\/a-strasbourg-les-black-swans\/\" data-type=\"URL\" data-id=\"https:\/\/chroniques-architecture.com\/a-strasbourg-les-black-swans\/\">A Strasbourg, surgissent des cygnes noirs<\/a><\/strong><\/p>\n\n\n\n<p class=\"has-small-font-size\"><em>illustration: @ AAD \u2013 Icade<\/em><\/p>\n<\/div><\/div>\n\n\n\n<p><\/p>\n","protected":false},"excerpt":{"rendered":"<p>Revue de presse architecture d\u00e9montable &amp; r\u00e9versible Demain la Ville &#8211; le blog Et si l\u2019architecture d\u00e9montable et transportable \u00e9tait une r\u00e9ponse cr\u00e9dible ? Faut-il laisser une plus large place \u00e0 la d\u00e9montabilit\u00e9 dans nos villes ? BATIRAMA Grand Palais \u00c9ph\u00e9m\u00e8re : un b\u00e2timent d\u00e9montable en bois pour accueillir les \u00e9v\u00e8nements Illustration \u00a9Wilmotte &amp; Associ\u00e9s<\/p><\/div>\n<div class=\"blog-btn\"><a href=\"https:\/\/lavilledemontable.fr\/index.php\/medias\/news\/\" class=\"home-blog-btn\">Lire la suite<\/a><\/p>\n","protected":false},"author":2,"featured_media":0,"parent":420,"menu_order":0,"comment_status":"closed","ping_status":"closed","template":"","meta":{"footnotes":""},"yoast_head":"<!-- This site is optimized with the Yoast SEO plugin v17.4 - https:\/\/yoast.com\/wordpress\/plugins\/seo\/ -->\n<title>News - La Ville D\u00e9montable &amp; R\u00e9versible<\/title>\n<meta name=\"robots\" content=\"index, follow, max-snippet:-1, max-image-preview:large, max-video-preview:-1\" \/>\n<link rel=\"canonical\" href=\"https:\/\/lavilledemontable.fr\/index.php\/medias\/news\/\" \/>\n<meta property=\"og:locale\" content=\"fr_FR\" \/>\n<meta property=\"og:type\" content=\"article\" \/>\n<meta property=\"og:title\" content=\"News - La Ville D\u00e9montable &amp; R\u00e9versible\" \/>\n<meta property=\"og:description\" content=\"Revue de presse architecture d\u00e9montable &amp; r\u00e9versible Demain la Ville &#8211; le blog Et si l\u2019architecture d\u00e9montable et transportable \u00e9tait une r\u00e9ponse cr\u00e9dible ? Faut-il laisser une plus large place \u00e0 la d\u00e9montabilit\u00e9 dans nos villes ? BATIRAMA Grand Palais \u00c9ph\u00e9m\u00e8re : un b\u00e2timent d\u00e9montable en bois pour accueillir les \u00e9v\u00e8nements Illustration \u00a9Wilmotte &amp; Associ\u00e9sLire la suite\" \/>\n<meta property=\"og:url\" content=\"https:\/\/lavilledemontable.fr\/index.php\/medias\/news\/\" \/>\n<meta property=\"og:site_name\" content=\"La Ville D\u00e9montable &amp; R\u00e9versible\" \/>\n<meta property=\"article:modified_time\" content=\"2021-10-22T16:33:45+00:00\" \/>\n<meta property=\"og:image\" content=\"https:\/\/lavilledemontable.fr\/wp-content\/uploads\/demain-la-ville.png\" \/>\n<meta name=\"twitter:card\" content=\"summary_large_image\" \/>\n<meta name=\"twitter:label1\" content=\"Dur\u00e9e de lecture est.\" \/>\n\t<meta name=\"twitter:data1\" content=\"2 minutes\" \/>\n<script type=\"application\/ld+json\" class=\"yoast-schema-graph\">{\"@context\":\"https:\/\/schema.org\",\"@graph\":[{\"@type\":\"WebSite\",\"@id\":\"https:\/\/lavilledemontable.fr\/#website\",\"url\":\"https:\/\/lavilledemontable.fr\/\",\"name\":\"La Ville D\\u00e9montable &amp; R\\u00e9versible\",\"description\":\"Construire moins, construire mieux, r\\u00e9utiliser plus\",\"potentialAction\":[{\"@type\":\"SearchAction\",\"target\":{\"@type\":\"EntryPoint\",\"urlTemplate\":\"https:\/\/lavilledemontable.fr\/?s={search_term_string}\"},\"query-input\":\"required name=search_term_string\"}],\"inLanguage\":\"fr-FR\"},{\"@type\":\"ImageObject\",\"@id\":\"https:\/\/lavilledemontable.fr\/index.php\/medias\/news\/#primaryimage\",\"inLanguage\":\"fr-FR\",\"url\":\"https:\/\/lavilledemontable.fr\/wp-content\/uploads\/demain-la-ville.png\",\"contentUrl\":\"https:\/\/lavilledemontable.fr\/wp-content\/uploads\/demain-la-ville.png\",\"width\":895,\"height\":398},{\"@type\":\"WebPage\",\"@id\":\"https:\/\/lavilledemontable.fr\/index.php\/medias\/news\/#webpage\",\"url\":\"https:\/\/lavilledemontable.fr\/index.php\/medias\/news\/\",\"name\":\"News - La Ville D\\u00e9montable &amp; R\\u00e9versible\",\"isPartOf\":{\"@id\":\"https:\/\/lavilledemontable.fr\/#website\"},\"primaryImageOfPage\":{\"@id\":\"https:\/\/lavilledemontable.fr\/index.php\/medias\/news\/#primaryimage\"},\"datePublished\":\"2021-03-15T09:32:38+00:00\",\"dateModified\":\"2021-10-22T16:33:45+00:00\",\"breadcrumb\":{\"@id\":\"https:\/\/lavilledemontable.fr\/index.php\/medias\/news\/#breadcrumb\"},\"inLanguage\":\"fr-FR\",\"potentialAction\":[{\"@type\":\"ReadAction\",\"target\":[\"https:\/\/lavilledemontable.fr\/index.php\/medias\/news\/\"]}]},{\"@type\":\"BreadcrumbList\",\"@id\":\"https:\/\/lavilledemontable.fr\/index.php\/medias\/news\/#breadcrumb\",\"itemListElement\":[{\"@type\":\"ListItem\",\"position\":1,\"name\":\"Accueil\",\"item\":\"https:\/\/lavilledemontable.fr\/\"},{\"@type\":\"ListItem\",\"position\":2,\"name\":\"M\\u00e9dias\",\"item\":\"https:\/\/lavilledemontable.fr\/index.php\/medias\/\"},{\"@type\":\"ListItem\",\"position\":3,\"name\":\"News\"}]}]}<\/script>\n<!-- \/ Yoast SEO plugin. -->","yoast_head_json":{"title":"News - La Ville D\u00e9montable &amp; R\u00e9versible","robots":{"index":"index","follow":"follow","max-snippet":"max-snippet:-1","max-image-preview":"max-image-preview:large","max-video-preview":"max-video-preview:-1"},"canonical":"https:\/\/lavilledemontable.fr\/index.php\/medias\/news\/","og_locale":"fr_FR","og_type":"article","og_title":"News - La Ville D\u00e9montable &amp; R\u00e9versible","og_description":"Revue de presse architecture d\u00e9montable &amp; r\u00e9versible Demain la Ville &#8211; le blog Et si l\u2019architecture d\u00e9montable et transportable \u00e9tait une r\u00e9ponse cr\u00e9dible ? Faut-il laisser une plus large place \u00e0 la d\u00e9montabilit\u00e9 dans nos villes ? BATIRAMA Grand Palais \u00c9ph\u00e9m\u00e8re : un b\u00e2timent d\u00e9montable en bois pour accueillir les \u00e9v\u00e8nements Illustration \u00a9Wilmotte &amp; Associ\u00e9sLire la suite","og_url":"https:\/\/lavilledemontable.fr\/index.php\/medias\/news\/","og_site_name":"La Ville D\u00e9montable &amp; R\u00e9versible","article_modified_time":"2021-10-22T16:33:45+00:00","og_image":[{"url":"https:\/\/lavilledemontable.fr\/wp-content\/uploads\/demain-la-ville.png"}],"twitter_card":"summary_large_image","twitter_misc":{"Dur\u00e9e de lecture est.":"2 minutes"},"schema":{"@context":"https:\/\/schema.org","@graph":[{"@type":"WebSite","@id":"https:\/\/lavilledemontable.fr\/#website","url":"https:\/\/lavilledemontable.fr\/","name":"La Ville D\u00e9montable &amp; R\u00e9versible","description":"Construire moins, construire mieux, r\u00e9utiliser plus","potentialAction":[{"@type":"SearchAction","target":{"@type":"EntryPoint","urlTemplate":"https:\/\/lavilledemontable.fr\/?s={search_term_string}"},"query-input":"required name=search_term_string"}],"inLanguage":"fr-FR"},{"@type":"ImageObject","@id":"https:\/\/lavilledemontable.fr\/index.php\/medias\/news\/#primaryimage","inLanguage":"fr-FR","url":"https:\/\/lavilledemontable.fr\/wp-content\/uploads\/demain-la-ville.png","contentUrl":"https:\/\/lavilledemontable.fr\/wp-content\/uploads\/demain-la-ville.png","width":895,"height":398},{"@type":"WebPage","@id":"https:\/\/lavilledemontable.fr\/index.php\/medias\/news\/#webpage","url":"https:\/\/lavilledemontable.fr\/index.php\/medias\/news\/","name":"News - La Ville D\u00e9montable &amp; R\u00e9versible","isPartOf":{"@id":"https:\/\/lavilledemontable.fr\/#website"},"primaryImageOfPage":{"@id":"https:\/\/lavilledemontable.fr\/index.php\/medias\/news\/#primaryimage"},"datePublished":"2021-03-15T09:32:38+00:00","dateModified":"2021-10-22T16:33:45+00:00","breadcrumb":{"@id":"https:\/\/lavilledemontable.fr\/index.php\/medias\/news\/#breadcrumb"},"inLanguage":"fr-FR","potentialAction":[{"@type":"ReadAction","target":["https:\/\/lavilledemontable.fr\/index.php\/medias\/news\/"]}]},{"@type":"BreadcrumbList","@id":"https:\/\/lavilledemontable.fr\/index.php\/medias\/news\/#breadcrumb","itemListElement":[{"@type":"ListItem","position":1,"name":"Accueil","item":"https:\/\/lavilledemontable.fr\/"},{"@type":"ListItem","position":2,"name":"M\u00e9dias","item":"https:\/\/lavilledemontable.fr\/index.php\/medias\/"},{"@type":"ListItem","position":3,"name":"News"}]}]}},"_links":{"self":[{"href":"https:\/\/lavilledemontable.fr\/index.php\/wp-json\/wp\/v2\/pages\/308"}],"collection":[{"href":"https:\/\/lavilledemontable.fr\/index.php\/wp-json\/wp\/v2\/pages"}],"about":[{"href":"https:\/\/lavilledemontable.fr\/index.php\/wp-json\/wp\/v2\/types\/page"}],"author":[{"embeddable":true,"href":"https:\/\/lavilledemontable.fr\/index.php\/wp-json\/wp\/v2\/users\/2"}],"replies":[{"embeddable":true,"href":"https:\/\/lavilledemontable.fr\/index.php\/wp-json\/wp\/v2\/comments?post=308"}],"version-history":[{"count":4,"href":"https:\/\/lavilledemontable.fr\/index.php\/wp-json\/wp\/v2\/pages\/308\/revisions"}],"predecessor-version":[{"id":1117,"href":"https:\/\/lavilledemontable.fr\/index.php\/wp-json\/wp\/v2\/pages\/308\/revisions\/1117"}],"up":[{"embeddable":true,"href":"https:\/\/lavilledemontable.fr\/index.php\/wp-json\/wp\/v2\/pages\/420"}],"wp:attachment":[{"href":"https:\/\/lavilledemontable.fr\/index.php\/wp-json\/wp\/v2\/media?parent=308"}],"curies":[{"name":"wp","href":"https:\/\/api.w.org\/{rel}","templated":true}]}}